of 19?
True
Does 128 divide 14529?
False
Is 18 a factor of 26658?
True
Is 10252 a multiple of 27?
False
Is 113 a factor of 39098?
True
Is 149 a factor of 6832?
False
Is 945 a multiple of 7?
True
Is 76 a factor of 20672?
True
Is 492 a multiple of 74?
False
Does 16 divide 3037?
False
Is 590 a multiple of 116?
False
Is 170322 a multiple of 68?
False
Is 9546 a multiple of 74?
True
Is 37 a factor of 9546?
True
Is 385 a multiple of 55?
True
Does 137 divide 12718?
False
Does 36 divide 8273?
False
Does 4 divide 154?
False
Does 204 divide 58261?
False
Is 19 a factor of 83560?
False
Is 30345 a multiple of 85?
True
Is 8 a factor of 144?
True
Is 7539 a multiple of 87?
False
Is 24424 a multiple of 71?
True
Does 9 divide 4720?
False
Does 57 divide 394?
False
Does 10 divide 62272?
False
Does 47 divide 6818?
False
Is 42152 a multiple of 11?
True
Is 66 a factor of 22323?
False
Is 3550 a multiple of 85?
False
Does 107 divide 3852?
True
Does 22 divide 664?
False
Does 35 divide 28280?
True
Is 226 a multiple of 5?
False
Is 935 a multiple of 17?
True
Is 22328 a multiple of 19?
False
Is 2301 a multiple of 13?
True
Is 38 a factor of 487?
False
Is 1636 a multiple of 38?
False
Is 12 a factor of 670?
False
Is 12 a factor of 467?
False
Is 37 a factor of 99517?
False
Does 128 divide 3714?
False
Is 1030 a multiple of 55?
False
Is 4158 a multiple of 7?
True
Does 4 divide 501?
False
Is 4 a factor of 686?
False
Is 12 a factor of 2194?
False
Is 129 a factor of 12410?
False
Does 167 divide 67186?
False
Is 23 a factor of 4418?
False
Is 2625 a multiple of 7?
True
Does 14 divide 9244?
False
Is 459 a multiple of 27?
True
Is 38 a factor of 988?
True
Does 24 divide 573?
False
Is 2 a factor of 51?
False
Does 16 divide 824?
False
Does 9 divide 1566?
True
Is 25 a factor of 275?
True
Is 3 a factor of 14497?
False
Is 29638 a multiple of 14?
True
Does 13 divide 2912?
True
Is 1284 a multiple of 10?
False
Is 78 a factor of 3627?
False
Does 13 divide 143?
True
Is 2884 a multiple of 2?
True
Is 1311 a multiple of 7?
False
Is 158 a multiple of 52?
False
Is 8 a factor of 3496?
True
Does 44 divide 57420?
True
Does 12 divide 1116?
True
Is 200 a factor of 28460?
False
Is 3 a factor of 8071?
False
Does 5 divide 675?
True
Is 71840 a multiple of 16?
True
Is 15 a factor of 440?
False
Is 40559 a multiple of 83?
False
Is 1886 a multiple of 23?
True
Does 11 divide 264?
True
Does 4 divide 7055?
False
Does 119 divide 56826?
False
Is 4446 a multiple of 19?
True
Is 165240 a multiple of 24?
True
Is 20 a factor of 1160?
True
Is 61 a factor of 1464?
True
Does 35 divide 525?
True
Is 19 a factor of 4956?
False
Does 7 divide 1484?
True
Is 51394 a multiple of 444?
False
Is 8201 a multiple of 28?
False
Is 5 a factor of 7754?
False
Is 100 a multiple of 5?
True
Is 687 a multiple of 3?
True
Is 3631 a multiple of 83?
False
Is 65025 a multiple of 17?
True
Does 103 divide 721?
True
Is 1832 a multiple of 12?
False
Does 37 divide 697?
False
Is 1068 even?
True
Is 12 a factor of 307?
False
Is 5 a factor of 215?
True
Is 83 a multiple of 15?
False
Is 322 a factor of 35709?
False
Does 90 divide 37800?
True
Is 3 a factor of 327?
True
Does 44 divide 44408?
False
Is 23 a factor of 95979?
True
Is 962 a multiple of 26?
True
Is 3655 a multiple of 43?
True
Is 18 a factor of 2610?
True
Does 21 divide 1218?
True
Is 342 a multiple of 8?
False
Is 1168 a multiple of 67?
False
Is 2 a factor of 2026?
True
Does 7 divide 32791?
False
Is 34272 a multiple of 153?
True
Is 9554 a multiple of 60?
False
Is 34018 a multiple of 17?
False
Does 9 divide 55?
False
Is 344 a multiple of 3?
False
Is 9721 a multiple of 9?
False
Is 14 a factor of 1456?
True
Is 350 a multiple of 20?
False
Does 63 divide 5985?
True
Is 825 a multiple of 25?
True
Does 36 divide 5877?
False
Does 95 divide 35717?
False
Is 6 a factor of 1148?
False
Is 22003 a multiple of 17?
False
Does 47 divide 54802?
True
Is 36056 a multiple of 33?
False
Does 2 divide 169?
False
Is 4620 a multiple of 60?
True
Does 15 divide 3285?
True
Is 515 a multiple of 2?
False
Is 3 a multiple of 3?
True
Is 187 a factor of 34163?
False
Is 1592 a multiple of 27?
False
Does 3 divide 454?
False
Is 9776 a multiple of 52?
True
Does 16 divide 416?
True
Is 42210 a multiple of 21?
True
Does 100 divide 18000?
True
Is 19456 a multiple of 243?
False
Is 17150 a multiple of 13?
False
Is 9 a factor of 520?
False
Is 2576 a multiple of 56?
True
Is 750 a multiple of 5?
True
Does 103 divide 33578?
True
Is 176 a factor of 19712?
True
Is 8 a factor of 1392?
True
Is 4078 a multiple of 7?
False
Is 71 a multiple of 6?
False
Is 19 a factor of 1292?
True
Does 14 divide 966?
True
Is 16 a factor of 51049?
False
Does 383 divide 114222?
False
Is 2397 a multiple of 20?
False
Does 15 divide 2210?
False
Does 97 divide 7222?
False
Is 204 a multiple of 68?
True
Does 6 divide 26509?
False
Is 3 a factor of 91?
False
Does 6 divide 2586?
True
Is 1487 a multiple of 66?
False
Is 2 a factor of 808?
True
Is 47 a factor of 871?
False
Does 12 divide 933?
False
Is 15038 a multiple of 9?
False
Is 45 a factor of 1305?
True
Does 3 divide 7971?
True
Is 6264 a multiple of 108?
True
Is 21 a factor of 796?
False
Is 4 a factor of 940?
True
Does 15 divide 8964?
False
Does 20 divide 500?
True
Does 17 divide 4812?
False
Does 13 divide 2080?
True
Is 7 a factor of 295?
False
Is 3269 a multiple of 16?
False
Is 4630 a multiple of 9?
False
Is 684 a multiple of 19?
True
Is 630 a multiple of 42?
True
Does 18 divide 1990?
False
Does 8 divide 1656?
True
Does 109 divide 6628?
False
Is 613 a multiple of 253?
False
Does 48 divide 720?
True
Does 72 divide 6408?
True
Is 870 even?
True
Is 6830 a multiple of 119?
False
Does 6 divide 199?
False
Is 130 a factor of 110240?
True
Does 90 divide 55559?
False
Does 70 divide 7000?
True
Does 39 divide 70925?
False
Is 1663 a multiple of 15?
False
Is 2 a factor of 40?
True
Does 20 divide 744?
False
Does 3 divide 118?
False
Is 33 a factor of 1559?
False
Is 61 a factor of 1079?
False
Is 6288 a multiple of 24?
True
Is 107 a multiple of 23?
False
Does 47 divide 1880?
True
Is 14 a factor of 189266?
True
Is 4 a factor of 4841?
False
Is 1203 a multiple of 35?
False
Does 10 divide 19360?
True
Is 1301 a multiple of 122?
False
Is 9 a factor of 11?
False
Is 34 a factor of 551?
False
Is 23 a factor of 2112?
False
Is 15 a factor of 20711?
False
Does 6 divide 251?
False
Is 31 even?
False
Does 8 divide 33629?
False
Is 107 a factor of 5461?
False
Does 84 divide 3528?
True
Does 17 divide 3264?
True
Is 2889 even?
False
Does 15 divide 3907?
False
Does 17 divide 18020?
True
Is 50197 a multiple of 71?
True
Is 7 a factor of 310?
False
Is 1386 a multiple of 6?
True
Does 23 divide 8372?
True
Is 8949 a multiple of 20?
False
Is 15 a factor of 12113?
False
Does 56 divide 285?
False
Does 104 divide 4888?
True
Does 81 divide 1377?
True
Is 630 a multiple of 45?
True
Is 19 a multiple of 2?
False
Is 12 a factor of 4512?
True
Is 112 a multiple of 8?
True
Does 32 divide 4384?
True
Is 22 a factor of 12254?
True
Is 13 a factor of 19747?
True
Is 22 a factor of 12694?
True
Is 16 a factor of 293?
False
Is 214 a factor of 57780?
True
Does 5 divide 3310?
True
Is 421 a multiple of 28?
False
Is 43 a factor of 591?
False
Does 10 divide 1150?
True
Is 1886 a multiple of 13?
False
Is 10 a factor of 1412?
False
Is 25 a factor of 527?
False
Is 54 a factor of 3248?
False
Is 111 a factor of 8011?
False
Does 164 divide 328?
True
Is 145 a factor of 41997?
False
Is 90 a factor of 10800?
True
Does 34 divide 3797?
False
Is 13332 a multiple of 101?
True
Is 15 a factor of 106?
False
Is 132 a multiple of 45?
False
Is 23 a factor of 253?
True
Is 177 a factor of 30267?
True
Does 11 divide 106?
False
Is 120 a multiple of 10?
True
Is 24 a factor of 47928?
True
Is 21768 a multiple of 51?
False
Does 69 divide 23188?
False
Is 37 a factor of 4021?
False
Does 37 divide 994?
False
Does 10 divide 204?
False
Does 16 divide 864?
True
Is 1386 a multiple of 63?
True
Is 180 a multiple of 10?
True
Is 11 a factor of 14465?
True
Is 4 a factor of 17353?
False
Is 11 a factor of 2837?
False
Is 23 a factor of 52908?
False
Is 8970 a multiple of 14?
False
Is 4284 a multiple of 2?
True
Is 256 a factor of 20676?
False
Is 153000 a multiple of 20?
True
Is 3 a factor of 60?
True
Is 47 a factor of 2585?
True
Does 13 divide 16609